{"id":153,"date":"2020-03-30T12:29:13","date_gmt":"2020-03-30T12:29:13","guid":{"rendered":"http:\/\/www.caligrafika.de\/?page_id=153"},"modified":"2023-08-18T09:23:55","modified_gmt":"2023-08-18T09:23:55","slug":"cloud-dienstleistungen","status":"publish","type":"page","link":"https:\/\/www.caligrafika.de\/?page_id=153","title":{"rendered":"Cloud Dienstleistungen"},"content":{"rendered":"\n<p>Wir bieten seit Jahren die Datenhaltung in der Cloud an, und das in einem hochmodernen Rechenzentrum in Deutschland das eine 99,8% Verf\u00fcgbarkeit bereitstellt.<\/p>\n\n\n\n<div style=\"height:30px\" aria-hidden=\"true\" class=\"wp-block-spacer\"><\/div>\n\n\n\n<h4 class=\"wp-block-heading\">Was ist eine Cloud?<\/h4>\n\n\n\n<p>Die Cloud stellt Speicherplatz, Rechenleistung und ausf\u00fchrbare Software in einem entfernten Rechenzentrum zur Verf\u00fcgung. Der englische Begriff tr\u00e4gt der Tatsache Rechnung, dass der daf\u00fcr genutzte Server f\u00fcr die Nutzer nicht direkt sichtbar, sondern wie hinter einer Wolke verborgen ist. In einer Private Cloud werden die genutzten Server \u00fcber eine gesicherte und gesch\u00fctzte Internetverbindung von jedem beliebigen Ort aus genutzt.<\/p>\n\n\n\n<p><\/p>\n\n\n\n<div style=\"height:30px\" aria-hidden=\"true\" class=\"wp-block-spacer\"><\/div>\n\n\n\n<h4 class=\"wp-block-heading\">Vorteile der Cloud<\/h4>\n\n\n\n<p>F\u00fcr kleinere Unternehmen l\u00e4sst sich oft ein Teil oder die gesamte IT leicht auslagern.<\/p>\n\n\n\n<p>Durch die Verwendung einer Cloud Umgebung und die damit eingehende Verlagerung der Dienste auf einen Drittanbieter l\u00e4sst sich ist die Verwendung modernster Technologien besser bew\u00e4ltigen.<\/p>\n\n\n\n<p>Die Verf\u00fcgbarkeit Ihrer ganzen Infrastruktur wird auf eine sehr hohes Level verschoben. <\/p>\n\n\n\n<p><\/p>\n\n\n\n<p><\/p>\n\n\n\n<h4 class=\"wp-block-heading\">Ihre Server in der CLOUD<\/h4>\n\n\n\n<p>Die TERRA CLOUD bietet Ihnen die M\u00f6glichkeit, bereits existierende Server in unserem Rechenzentrum zu betreiben. Die hochverf\u00fcgbare Infrastruktur sorgt f\u00fcr maximale Sicherheit Ihrer Server, weit \u00fcber dem Standard eines Serverraums beim Kunden vor Ort. Sie sparen Ressourcen und Kosten, die bei der Anpassung lokaler Serverr\u00e4ume an h\u00f6here Sicherheitsstandards anfallen w\u00fcrden.<\/p>\n\n\n\n<p>Mit der TERRA CLOUD k\u00f6nnen Sie Ihr eigenes Rechenzentrum aufbauen. Hierzu stellen wir Ihnen gerne die ben\u00f6tigte Fl\u00e4che zur Verf\u00fcgung, angefangen von einer H\u00f6heneinheit bis zu einer Vielzahl von Racks.<\/p>\n\n\n\n<p>Die Leistungen der TERRA CLOUD beinhalten eine redundante Anbindung von Strom und Netzwerk auf Rackebene und an zwei hochwertige und performante Switche, die durch das TERRA CLOUD Team verwaltet werden. Der Zugang zum Rechenzentrum ist in Begleitung eines Mitarbeiters der TERRA CLOUD montags bis freitags von 08:00 bis 18:00 Uhr oder nach Absprache m\u00f6glich.<\/p>\n\n\n\n<p>Die TERRA CLOUD empfiehlt die Konfiguration redundanter Netzwerkpfade und den Einsatz redundanter Netzteile. Eine Firewall wird standardm\u00e4\u00dfig nicht gestellt, ist aber optional buchbar.<\/p>\n\n\n\n<p><\/p>\n\n\n\n<h4 class=\"wp-block-heading has-text-align-center\">Cloud Backup<\/h4>\n\n\n\n<p>Erneuern Sie Ihre Backup-Strategie! Es wird Zeit das traditionelle Backup zu modernisieren. T\u00e4gliche, manuelle Eingriffe, wie z. B. das Wechseln der B\u00e4nder oder Festplatten, erh\u00f6hen das Risiko einer Fehlfunktion der Sicherung bis hin zum totalen Datenverlust. Eine Auslagerung der Sicherung in ein Rechenzentrum automatisiert diese Vorg\u00e4nge vollst\u00e4ndig und erh\u00f6ht gleichzeitig die Sicherheit Ihrer Daten deutlich. Durch modernste Verschl\u00fcsselungsmethode AES-256Bit sind die Daten f\u00fcr Dritte nicht lesbar oder nutzbar. Dabei spielt es keine Rolle, ob Ihre Server in der TERRA CLOUD oder bei Ihnen\/ihren Kunden vor Ort stehen. Die Sicherungsintervalle und die Dauer der Aufbewahrung (max. 365 Tage) legen Sie selbst fest. Ihnen stehen bis zu 41 Wiederherstellungspunkte (synthetische Voll-Sicherungen) zur Verf\u00fcgung, die Sie frei \u00fcber das Jahr verteilen k\u00f6nnen.<\/p>\n\n\n\n<p>Das TERRA CLOUD Backup brilliert zudem durch ein einfaches Abrechnungsmodell. Sie zahlen lediglich f\u00fcr die von Ihnen ausgew\u00e4hlte zu sichernde Datenmenge und erhalten daf\u00fcr den vollen Funktionsumfang der Software, ohne eine Notwendigkeit, Agenten bzw. weitere Add-Ons zu erwerben. Die Software steht Ihnen immer in der aktuellsten Version zur Verf\u00fcgung.<\/p>\n\n\n\n<p><\/p>\n\n\n\n<div class=\"wp-block-group\"><div class=\"wp-block-group__inner-container is-layout-flow wp-block-group-is-layout-flow\">\n<h4 class=\"wp-block-heading has-text-align-left\">Hybrid Backup<\/h4>\n\n\n\n<p>Der TERRA CLOUD Satellit erm\u00f6glicht es Ihnen eine Kopie Ihrer Daten zus\u00e4tzlich lokal im Unternehmen aufzubewahren. Das reduziert zum einen die Sicherungszeiten bei gro\u00dfen Datenmengen und erlaubt zum anderen eine schnelle Wiederherstellung der Daten. Zu definierten Zeiten erfolgt ein Abgleich der Backups mit dem Datenbestand im Rechenzentrum um eine zus\u00e4tzliche, externe Sicherung herzustellen.<\/p>\n\n\n\n<p><\/p>\n\n\n\n<h4 class=\"wp-block-heading\">Recovery &amp; Disaster Recovery<\/h4>\n\n\n\n<p>Der Service ist entscheidend: Eine Datensicherung ist schnell und automatisiert realisierbar, doch wie sieht es mit einer R\u00fccksicherung der Daten aus? Die TERRA CLOUD stellt Ihnen zahlreiche M\u00f6glichkeiten einer Datenr\u00fccksicherung zur Verf\u00fcgung die im Falle des Falles f\u00fcr den weiteren Erfolg Ihres Unternehmens entscheidend sein k\u00f6nnen.<\/p>\n\n\n\n<p>Je nach Szenario k\u00f6nnen Sie eine Sicherung entweder,<\/p>\n\n\n\n<ol class=\"wp-block-list\">\n<li>bei Ihnen vor Ort zur\u00fccksichern.<\/li>\n\n\n\n<li>auf eine automatisiert in der Cloud bereit gestellte Infrastruktur (physikalisch oder virtualisiert) zur\u00fccksichern, um so innerhalb von wenigen Minuten, oder h\u00f6chstens Stunden, Ihre alte IT Landschaft funktionsf\u00e4hig wiederherzustellen.<\/li>\n\n\n\n<li>auf ein neues Ger\u00e4t aus der TERRA Serie w\u00e4hrend der Produktion zur\u00fccksichern (In dem Fall erhalten Sie Ihr neues TERRA Ger\u00e4t bereits mit dem von Ihnen ausgew\u00e4hlten Backup ausgeliefert).<\/li>\n<\/ol>\n\n\n\n<p>Ihre Daten k\u00f6nnen Sie entweder direkt aus dem Rechenzentrum zur\u00fcckspielen oder von einem lokalen Satelliten. Gerne senden wir Ihnen auch auf Wunsch eine Kopie der Datensicherung auf einem Datentr\u00e4ger, optional auch per Kurier, zeitnah zu.<\/p>\n<\/div><\/div>\n\n\n\n<p><\/p>\n\n\n\n<h4 class=\"wp-block-heading\">Das TERRA CLOUD Backup unterst\u00fctzt folgende Applikationen:<\/h4>\n\n\n\n<ol class=\"wp-block-list\">\n<li>Microsoft Windows (VSS-Unterst\u00fctzung)<\/li>\n\n\n\n<li>Linux<\/li>\n\n\n\n<li>Microsoft SQL<\/li>\n\n\n\n<li>Microsoft Exchange<\/li>\n\n\n\n<li>Bare Metal Restore \/ Universal Restore<\/li>\n\n\n\n<li>Hostbasiertes Backup f\u00fcr Hyper-V \/ VMware<\/li>\n\n\n\n<li>Oracle<\/li>\n\n\n\n<li>Imagebasiertes Backup<\/li>\n\n\n\n<li>Netzwerkfreigaben (UNC)<\/li>\n\n\n\n<li><em>Keine kostenpflichtigen Agents erforderlich.<\/em><\/li>\n<\/ol>\n\n\n\n<p><\/p>\n\n\n\n<p><\/p>\n\n\n\n<p>Caligrafika steht Ihnen als TERRA Cloud Partner zu Verf\u00fcgung.<br>Wir bieten ihnen Beratung, Konfiguration und Betreuung Ihrer Cloud-L\u00f6sungen. Sowohl f\u00fcr (Public Cloud) als auch f\u00fcr Ihre eigene Cloud-Umgebung (Privat Cloud) in Ihrem Unternehmen. Nat\u00fcrlich geht auch eine intelligente Mischung aus beiden Diensten (Hybrid Cloud).<\/p>\n\n\n\n<div style=\"height:62px\" aria-hidden=\"true\" class=\"wp-block-spacer\"><\/div>\n\n\n\n<h4 class=\"wp-block-heading has-text-align-center\">Weiterf\u00fchrende Links und Informationen zum herunterladen<\/h4>\n\n\n\n<figure class=\"wp-block-table is-style-stripes\"><table><tbody><tr><td><a href=\"https:\/\/www.caligrafika.de\/wp-content\/uploads\/2020\/04\/TERRA-CLOUD-2019.pdf\">TERRA CLOUD<\/a><\/td><td><a href=\"https:\/\/downloads.terracloud.de\/files\/DE_Dokumentation\/terra%20CLOUD_T%C3%9CV%20Reliable%20Data%20Center%20Zertifikat.pdf\">TERRA CLOUD T\u00dcV Reliable Data Center Zertifikat<\/a><\/td><\/tr><tr><td><a href=\"https:\/\/www.caligrafika.de\/wp-content\/uploads\/2020\/04\/TERRA-Cloud_Backup_2020.pdf\">TERRA Cloud Backup<\/a><\/td><td><a href=\"https:\/\/wiki.terracloud.de\/index.php\/Backup\">TERRA CLOUD Backup Wiki<\/a><\/td><\/tr><tr><td><a href=\"https:\/\/downloads.terracloud.de\/files\/DE_Dokumentation\/terra%20CLOUD_Backup_Datensicherungskonzept.pdf\">TERRA CLOUD Datensicherungskonzept<\/a><\/td><td><a href=\"https:\/\/www.caligrafika.de\/wp-content\/uploads\/2020\/04\/TERRA-CLOUD-Drive.pdf\">TERRA CLOUD Drive<\/a><\/td><\/tr><tr><td><a href=\"https:\/\/wiki.terracloud.de\/index.php\/Drive\">TERRA CLOUD Drive Wiki<\/a><\/td><td><a href=\"https:\/\/wiki.terracloud.de\/index.php\/Startseite\">TERRA CLOUD Wiki<\/a><\/td><\/tr><tr><td><a href=\"https:\/\/www.wortmann.de\/de-de\/content\/cloud-detail\/terra-cloud-rechenzentrum.aspx\">Terra Cloud im Detail<\/a><\/td><td><\/td><\/tr><\/tbody><\/table><\/figure>\n\n\n\n<p><\/p>\n\n\n\n<div class=\"wp-block-group alignwide is-content-justification-center is-nowrap is-layout-flex wp-container-core-group-is-layout-2 wp-block-group-is-layout-flex\">\n<div class=\"wp-block-media-text alignwide is-stacked-on-mobile\" style=\"grid-template-columns:19% auto\"><figure class=\"wp-block-media-text__media\"><img loading=\"lazy\" decoding=\"async\" width=\"300\" height=\"393\" src=\"https:\/\/www.caligrafika.de\/wp-content\/uploads\/2020\/03\/Cloud_partner-e1585560243779.png\" alt=\"\" class=\"wp-image-142 size-full\"\/><\/figure><div class=\"wp-block-media-text__content\">\n<p class=\"has-text-align-left has-large-font-size\">Wir stehen Ihnen als<br>TERRA Cloud Partner zur Seite<\/p>\n\n\n\n<p><\/p>\n\n\n\n<p><\/p>\n<\/div><\/div>\n<\/div>\n\n\n\n<div style=\"height:51px\" aria-hidden=\"true\" class=\"wp-block-spacer\"><\/div>\n\n\n\n<h3 class=\"wp-block-heading\">TERRA CLOUD Videos<\/h3>\n\n\n\n<p><\/p>\n\n\n\n<div style=\"height:51px\" aria-hidden=\"true\" class=\"wp-block-spacer\"><\/div>\n\n\n\n<figure class=\"wp-block-embed is-type-video is-provider-youtube wp-block-embed-youtube wp-embed-aspect-16-9 wp-has-aspect-ratio\"><div class=\"wp-block-embed__wrapper\">\n<iframe loading=\"lazy\" title=\"Cloud OS Network  Die Terra Cloud von Wortmann | Microsoft\" width=\"696\" height=\"392\" src=\"https:\/\/www.youtube.com\/embed\/4h82BE3tlsk?start=1&#038;feature=oembed\" frameborder=\"0\" allow=\"accelerometer; autoplay; clipboard-write; encrypted-media; gyroscope; picture-in-picture; web-share\" allowfullscreen><\/iframe>\n<\/div><figcaption class=\"wp-element-caption\"><a href=\"https:\/\/www.youtube.com\/watch?time_continue=1&amp;v=4h82BE3tlsk&amp;feature=emb_logo\">Cloud OS Network Die Terra Cloud von Wortmann \/ Microsoft<\/a><\/figcaption><\/figure>\n\n\n\n<p><\/p>\n","protected":false},"excerpt":{"rendered":"<p>Wir bieten seit Jahren die Datenhaltung in der Cloud an, und das in einem hochmodernen Rechenzentrum in Deutschland das eine 99,8% Verf\u00fcgbarkeit bereitstellt. Was ist eine Cloud? Die Cloud stellt Speicherplatz, Rechenleistung und ausf\u00fchrbare Software in einem entfernten Rechenzentrum zur Verf\u00fcgung. Der englische Begriff tr\u00e4gt der Tatsache Rechnung, dass der daf\u00fcr genutzte Server f\u00fcr die<\/p><\/div>\n<div class=\"blog-btn\"><a href=\"https:\/\/www.caligrafika.de\/?page_id=153\" class=\"home-blog-btn\">Weiterlesen<\/a><\/p>\n","protected":false},"author":1,"featured_media":0,"parent":0,"menu_order":0,"comment_status":"closed","ping_status":"closed","template":"","meta":{"footnotes":""},"class_list":["post-153","page","type-page","status-publish","hentry"],"_links":{"self":[{"href":"https:\/\/www.caligrafika.de\/index.php?rest_route=\/wp\/v2\/pages\/153","targetHints":{"allow":["GET"]}}],"collection":[{"href":"https:\/\/www.caligrafika.de\/index.php?rest_route=\/wp\/v2\/pages"}],"about":[{"href":"https:\/\/www.caligrafika.de\/index.php?rest_route=\/wp\/v2\/types\/page"}],"author":[{"embeddable":true,"href":"https:\/\/www.caligrafika.de\/index.php?rest_route=\/wp\/v2\/users\/1"}],"replies":[{"embeddable":true,"href":"https:\/\/www.caligrafika.de\/index.php?rest_route=%2Fwp%2Fv2%2Fcomments&post=153"}],"version-history":[{"count":76,"href":"https:\/\/www.caligrafika.de\/index.php?rest_route=\/wp\/v2\/pages\/153\/revisions"}],"predecessor-version":[{"id":378,"href":"https:\/\/www.caligrafika.de\/index.php?rest_route=\/wp\/v2\/pages\/153\/revisions\/378"}],"wp:attachment":[{"href":"https:\/\/www.caligrafika.de\/index.php?rest_route=%2Fwp%2Fv2%2Fmedia&parent=153"}],"curies":[{"name":"wp","href":"https:\/\/api.w.org\/{rel}","templated":true}]}}